 8*m - 7. What is d(-5)?
-17
Let n(a) = a**3 - 4*a**2 + 4*a - 3. What is n(2)?
-3
Let k(d) = -174*d - 697. Determine k(-4).
-1
Let h(w) = -w - 55. What is h(0)?
-55
Let m(x) = -14*x**3 + 2*x**2 - 1. Determine m(1).
-13
Let i(x) = x**3 - 2*x**2 + x. What is i(2)?
2
Let f(n) = n**2 - 11*n + 43. Determine f(7).
15
Let g(k) = 2*k**3 + 14*k**2 + 15*k + 11. Calculate g(-6).
-7
Let z(u) = -u**3 - 5*u**2 + 2*u + 6. Determine z(-5).
-4
Let j(i) = -3*i - 9. Calculate j(-12).
27
Let b(f) = -f**3 + 2*f**2 + 3*f - 6. What is b(3)?
-6
Let m(w) = -4*w**2 + 61*w - 11. Give m(15).
4
Let a(m) = -m**3 + 6*m**2 - m - 3. Give a(2).
11
Let v(d) = -d**3 + 12*d**2 - 8*d - 12. Calculate v(11).
21
Let q(j) = -46*j - 277. Determine q(-6).
-1
Let q(o) = -o**2 - 9*o + 5. Determine q(-11).
-17
Let w(a) = a + 6. Give w(-12).
-6
Let b(r) = r**3 - 4*r**2 + 5. What is b(4)?
5
Let z(x) = -x**2 - 27*x - 57. Calculate z(-25).
-7
Let f(r) = r**2 - 11*r - 9. Calculate f(15).
51
Let b(n) = -n**3 + 3*n**2 + 6*n + 6. Determine b(5).
-14
Let a(f) = f**3 + 4*f**2 - 9*f - 20. Give a(-5).
0
Let h(j) = -2*j**2 - 5*j + 1. Determine h(-4).
-11
Let z(x) = 4*x - 13. What is z(2)?
-5
Let x(v) = -v**3 - v**2 - 4*v - 3. What is x(-2)?
9
Let i(f) = 11*f + 47. Determine i(-5).
-8
Let c(v) = 5*v - 5. Calculate c(2).
5
Let m(g) = -g**3 + 6*g**2 - 8*g + 13. Determine m(6).
-35
Let r(a) = -a**2 + 3*a + 33. Calculate r(-4).
5
Let h(s) = 4*s**2 + 3*s - 10. Calculate h(2).
12
Let n(t) = -t**3 - 11*t**2 - 14*t + 2. Calculate n(-8).
-78
Let n(g) = -4*g**2 - 14*g - 3. Give n(3).
-81
Let f(k) = k**3 - 25*k**2 + 116*k - 35. Calculate f(19).
3
Let t(h) = h**2 + 39*h + 267. Calculate t(-30).
-3
Let j(i) = -i**2 - 6*i - 5. Determine j(-6).
-5
Let g(w) = -w**2 + 74*w + 74. What is g(75)?
-1
Let d(u) = 28*u - 132. Determine d(6).
36
Let c(q) = -5*q**2 - 94*q - 11. What is c(-19)?
-30
Let s(f) = -f**2 - 12*f + 223. Give s(10).
3
Let u(y) = -y**2 - 6*y + 1. Give u(-2).
9
Let b(g) = -g**3 - 10*g**2 - 24*g - 3. Calculate b(-4).
-3
Let k(v) = v**3 + 24*v**2 + 24*v + 23. Calculate k(-23).
0
Let j(t) = -t**3 - 6*t**2 - 7*t - 11. Calculate j(-4).
-15
Let i(l) = -l**2 - l - 7. Calculate i(-5).
-27
Let o(r) = -r**3 + 10*r**2 + 11*r - 6. Give o(11).
-6
Let f(o) = o**2 - o - 56. Give f(8).
0
Let x(b) = -48*b + 529. Calculate x(11).
1
Let j(x) = -7*x**2 + 6*x - 4. What is j(-4)?
-140
Let l(g) = g**3 - 15*g**2 + 8. What is l(15)?
8
Let b(k) = k + 2. Give b(-4).
-2
Let b(y) = -y - 1. What is b(-6)?
5
Let z(t) = t**3 - 24*t**2 + 21*t - 11. Determine z(23).
-57
Let q(d) = d**2 - 14*d + 18. What is q(15)?
33
Let k(m) = m + 32. Determine k(10).
42
Let v(m) = -m**2 + 9*m - 7. Determine v(7).
7
Let t(n) = -n**3 + 14*n**2 - 22*n - 27. Determine t(12).
-3
Let p(r) = -11*r**2 - 3*r - 1. Give p(-1).
-9
Let z(u) = 5*u**2 + 81*u + 13. What is z(-16)?
-3
Let r(d) = -d**3 + 7*d**2 - 9*d - 4. Calculate r(4).
8
Let u(m) = -m**2 + 7*m - 10. Give u(4).
2
Let k(j) = 5*j - 61. Determine k(12).
-1
Let l(w) = 3*w**2 - 3*w. What is l(2)?
6
Let k(y) = -y - 1. Calculate k(3).
-4
Let t(s) = -3*s**3 - 2*s**2 + s + 1. Determine t(1).
-3
Let o(i) = -2*i**3 - i**2 - 6*i + 7. Determine o(1).
-2
Let p(o) = -o**2 - 4*o + 18. Give p(-13).
-99
Let t(y) = -y**3 - y**2 - 4*y + 3. Give t(2).
-17
Let p(a) = -3*a. Give p(17).
-51
Let k(l) = 63*l**2 - l - 2. Calculate k(-1).
62
Let y(l) = 16*l**2 + l + 1. What is y(2)?
67
Let d(a) = a**3 + 9*a**2 + 40*a + 174. Determine d(-7).
-8
Let r(i) = 7*i + 6. Determine r(-2).
-8
Let k(g) = g - 39. What is k(7)?
-32
Let s(j) = 2*j**3 + 22*j**2 + 2*j + 4. Calculate s(-11).
-18
Let k(s) = -s**2 + 15*s - 6. Give k(11).
38
Let y(u) = -31*u**3 - u**2. What is y(-1)?
30
Let i(k) = k**2 + 39*k - 276. Calculate i(-45).
-6
Let n(g) = -3*g**2 + 7*g + 4. Determine n(3).
-2
Let a(f) = f**3 - 6*f**2 + 20*f - 27. What is a(5)?
48
Let v(f) = f**2 + 41*f + 32. What is v(-39)?
-46
Let d(v) = 2*v**3 - 3*v**2 - v - 7. Give d(3).
17
Let w(q) = q**3 + 14*q**2 + 12*q - 3. Determine w(-13).
10
Let i(d) = -4*d - 3. Determine i(-3).
9
Let z(f) = f**3 + 4*f**2 - 9*f - 2. Calculate z(-6).
-20
Let k(x) = x + 50. What is k(-30)?
20
Let n(f) = -3*f + 18. What is n(6)?
0
Let u(f) = 2*f**2 - 17*f + 5. Give u(7).
-16
Let a(h) = 15*h. Calculate a(-3).
-45
Let b(m) = -2*m**2 - 15*m - 18. Give b(-9).
-45
Let f(g) = 9*g**2 - g. Give f(1).
8
Let g(j) = -j**2 - j. Calculate g(2).
-6
Let t(a) = 4*a - 15. Calculate t(10).
25
Let h(n) = n**3 - 14*n**2 - 29*n - 11. Calculate h(16).
37
Let q(y) = -6*y - 90. Calculate q(-15).
0
Let f(n) = -2*n**2 + 6*n - 7. Give f(3).
-7
Let x(t) = -25*t - 161. Determine x(-7).
14
Let n(g) = -4*g + 5. Determine n(-6).
29
Let q(h) = 4*h + 1. Determine q(-1).
-3
Let l(s) = 64*s + 832. Determine l(-13).
0
Let w(q) = -32*q**2 - 5*q - 7. What is w(-2)?
-125
Let p(z) = 25*z**2. Give p(1).
25
Let h(f) = -2*f - 6. Give h(-6).
6
Let q(r) = -r + 13. Give q(17).
-4
Let w(g) = 36*g. Calculate w(1).
36
Let w(a) = -a**3 - 23*a**2 - 62*a - 31. Determine w(-20).
9
Let j(x) = -6*x + 51. What is j(7)?
9
Let m(n) = -n**2 - 26*n - 45. Determine m(-24).
3
Let w(m) = 55*m**2 - 2*m + 1. Determine w(1).
54
Let r(h) = -h**3 + h**2 - 14*h - 1. Calculate r(0).
-1
Let u(f) = -6*f + 29. Give u(4).
5
Let o(p) = 2*p - 16. Determine o(7).
-2
Let b(h) = 33*h**2 - 4*h + 1. Determine b(1).
30
Let t(v) = v**2 - 21*v + 28. Calculate t(11).
-82
Let m(b) = 4*b - 19. Calculate m(15).
41
Let f(b) = -b**2 + 6*b + 1. Determine f(9).
-26
Let u(q) = -q**3 + 6*q**2 + 3*q + 4. Calculate u(5).
44
Let d(u) = u**3 - 19*u**2 - 21*u + 7. Calculate d(20).
-13
Let r(f) = -4*f + 2. What is r(8)?
-30
Let a(p) = p**3 - 3*p**2 + p - 2. Determine a(3).
1
Let s(y) = -y**3 + 3*y**2 + y - 1. What is s(2)?
5
Let z(n) = 3*n**2 + 8*n + 6. Determine z(-5).
41
Let d(w) = 2*w**3 + 23*w**2 + 28*w - 16. Determine d(-10).
4
Let r(b) = -b**3 + b**2 - b + 21. What is r(0)?
21
Let b(f) = 2*f - 15. What is b(-7)?
-29
Let h(n) = n**3 - 16*n**2 - n + 7. Determine h(16).
-9
Let u(h) = -7*h + 28. Determine u(0).
28
Let m(h) = -h**2 + 3*h + 115. Calculate m(-9).
7
Let l(q) = q**2 + 6*q + 12. Give l(-5).
7
Let u(v) = v + 16. What is u(-10)?
6
Let u(i) = -3*i + 3. What is u(4)?
-9
Let p(g) = -g - 11. Determine p(6).
-17
Let d(w) = w**2 - 3*w - 5. What is d(6)?
13
Let g(f) = -f**3 + 12*f**2 - 14*f + 6. Determine g(11).
-27
Let z(j) = 2*j**2 - 18*j - 31. Determine z(9).
-31
Let t(d) = -d**3 - 2*d**2 + 2*d - 3. What is t(-3)?
0
Let g(v) = 2*v - 15. Give g(7).
-1
Let k(y) = y**3 - 5*y**2 + y - 13. What is k(4)?
-25
Let v(l) = l + 22. Calculate v(-15).
7
Let l(h) = h**2 + 4*h + 8. Determine l(-4).
8
Let q(s) = -s - 30. What is q(-10)?
-20
Let z(q) = q + 5. Determine z(-6).
-1
Let h(j) = 3*j**2 - j + 12. Give h(6).
114
Let l(v) = 3*v**3 - 71*v**2 - 24*v - 8. Determine l(24).
-8
Let d(s) = -3*s + 5. What is d(4)?
-7
Let b(u) = -u**3 - 5*u**2 - 4*u - 11. Determine b(-5).
9
Let j(s) = -s + 14. Give j(12).
2
Let z(x) = -x**3 - 25*x**2 - 26*x - 6. Calculate z(-24).
42
Let j(s) = s + 18. Determine j(-15).
3
Let v(i) = -i**2 + 6*i + 38. Give v(10).
-2
Let v(z) = -z**2 - 11*z + 24. Calculate v(-12).
12
Let a(i) = -i**2 + 6*i - 8. Give a(4).
0
Let s(u) = -4*u - 18. Give s(0).
-18
Let u(v) = -2*v**2 - 15*v - 14. Determine u(-7).
-7
Let y(i) = -5*i + 12. What is y(7)?
-23
Let d(f) = f**2 + 16*f - 13. Calculate d(-18).
23
Let h(y) = -16*y. What is h(2)?
-32
Let d(p) = p**2 - 14*p - 10. Give d(15).
5
Let d(j) = 38*j + 126. What is d(-3)?
12
Let u(s) = s**2 + 9*s + 10. Calculate u(-7).
-4
Let n(k) = -k**3 - 25*k**2 - 26*k - 7. Calculate n(-24).
41
Let z(t) = -2*t + 12. Determine z(6).
0
Let t(u) = u**2 + 20*u - 107. Determine t(4).
-11
Let m(j) = 134*j + 650. Calculate m(-5).
-20
Let x(a) = a**3 - 11*a**2 + 9*a. Determine x(10).
-10
Let k(n) = 17*n + 41. What is k(-5)?
-44
Let o(k) = -k**2 + 27*k - 143. What is o(7)?
-3
Let l(m) = -2*m**2 - 9*m + 12. Calculate l(-5).
7
Let s(q) = -45*q - 326. Calculate s(-7).
-11
Let m(u) = 4*u + 117. Calculate m(-28).
5
Let l(w) = -w + 4. Give l(3).
1
Let y(w) = w**2 - 2*w + 44. Determine y(0).
44
Let u(h) = -h**2 + 7*h - 1. Calculate u(8).
-9
Let c(y) = y**3 - 10*y**2 - 14*y + 39. Determine c(11).
6
Let i(a) = a**3 + 2*a**2 + a + 3. Determine i(-3).
-9
Let f(s) = -80*s - 8. Calculate f(-1).
72
Let y(n